{"id":81,"date":"2010-08-09T00:41:38","date_gmt":"2010-08-08T23:41:38","guid":{"rendered":"http:\/\/divinomaestro.com\/?page_id=81"},"modified":"2021-07-03T19:07:56","modified_gmt":"2021-07-03T18:07:56","slug":"francisco-blanco-najera","status":"publish","type":"page","link":"https:\/\/www.divinomaestro.com\/?page_id=81","title":{"rendered":"Francisco Blanco Najera"},"content":{"rendered":"<h3><div class=\"su-youtube su-u-responsive-media-yes\"><iframe loading=\"lazy\" width=\"600\" height=\"400\" src=\"https:\/\/www.youtube.com\/embed\/SOYmsUJ_YfM?autoplay=1\" frameborder=\"0\" allowfullscreen allow=\"autoplay; encrypted-media; picture-in-picture\" title=\"Francisco Blanco N\u00e1jera - Fundador\"><\/iframe><\/div><\/h3>\n<h3><\/h3>\n<h3><span style=\"color: #993300\"><span style=\"text-decoration: underline\"><strong><span style=\"color: #993300\">La Familia<\/span><\/strong><\/span><\/span><\/h3>\n<p style=\"text-align: justify\"><strong>\u201cSoy de familia pobre&#8230; pude ver las manos encallecidas de mi madre&#8230; conozco la pobreza&#8230; porque he vivido muchos a\u00f1os abrazado a ella\u201d.<\/strong><\/p>\n<p style=\"text-align: justify\">La casa en que <strong>naci\u00f3 Francisco<\/strong> est\u00e1 situada <strong>en un barrio del Logro\u00f1o antiguo<\/strong>. All\u00ed viv\u00eda el matrimonio formado por<strong> Eduardo y Patricia:<\/strong> un hombre y una mujer venidos del campo que se establecen en la capital con un peque\u00f1o negocio de bebidas. Como no llega el dinero, ella trabaja de lavandera.<br \/>\nEs un hogar de siete hijos, pero la enfermedad pronto reduce la familia a dos: Patricia y Francisco. Descubre nuevas pobrezas: la orfandad y la soledad; la econom\u00eda sigue mermando.<br \/>\n<strong> Cuando decide entrar en el seminario, \u00e9l mismo debe trabajar para ayudarse<\/strong> a pagar los estudios y conseguir gratis, al menos, el desayuno y la cena.<br \/>\nAs\u00ed, <strong>a base de tes\u00f3n y de esfuerzo<\/strong>, pero siempre apoyado por el cari\u00f1o y la fortaleza de su madre, <strong>Francisco llega al sacerdocio.<\/strong><\/p>\n<p style=\"text-align: justify\">\n<p style=\"text-align: justify\">\n<h3><span style=\"color: #993300;line-height: 27px\"><span style=\"text-decoration: underline\"><strong><span style=\"color: #993300\">Sacerdote<\/span><\/strong><\/span><\/span><\/h3>\n<p>\u201cLa llegada al sacerdocio es un p\u00f3rtico abierto a la actividad de perfecci\u00f3n religiosa, no una meta de placidez inoperante y c\u00f3moda\u201d.<\/p>\n<p style=\"text-align: justify\">A\u00f1o <strong>1913. Francisco<\/strong> finaliza sus estudios y <strong>es ordenado sacerdote:<\/strong> <strong>\u201cId y ense\u00f1ad a todas las gentes\u201d<\/strong>. Es significativo que <strong>ya entre los s\u00edmbolos que elige<\/strong> para los recuerdos de su primera misa, aparezca <strong>la figura del Divino Maestro de pie,<\/strong> rodeado de ap\u00f3stoles.<br \/>\nAhora, como siempre, comenzar esta nueva etapa significa poner todo al servicio de Dios, vali\u00e9ndose tambi\u00e9n de sus muchas cualidades naturales.<br \/>\nFrancisco se entrega de lleno a sus actividades parroquiales, y todav\u00eda le queda tiempo para estudiar.<br \/>\nHombre intelectual, hombre de Iglesia, hombre seriamente preparado da su primer \u201csalto\u201d de la Rioja a C\u00f3rdoba. M\u00e1s adelante Ja\u00e9n y de nuevo vuelve a C\u00f3rdoba. En todos estos lugares, desarrolla su actividad alternando sus trabajos como profesor y las responsabilidades que le asignan en esta di\u00f3cesis.<br \/>\nFrancisco, preocupado por todos y por todo, constantemente repet\u00eda: <strong>\u201cHay que hacer algo\u201d<\/strong>. \u00a1Y lo hacia!. Con su palabra, con sus escritos, con sus actuaciones frente a los problemas de la Iglesia y de la sociedad.<\/p>\n<h3><span style=\"color: #993300\"><span style=\"text-decoration: underline\"><strong><span style=\"color: #993300\">Obispo y Fundador<\/span><\/strong><\/span><\/span><\/h3>\n<p>\u201cSoy vuestro padre&#8230; buscad en mi solamente una cosa, aquello que lo suple todo y que no tiene compensaci\u00f3n posible, el amor, y estad seguros de que no os sentir\u00e9is desilusionados, porque vuestro obispo tiene un tesoro de amor para vosotros y no ans\u00eda sino derramarlo, a manos llenas, sobre sus hijos\u201d.<\/p>\n<p style=\"text-align: justify\"><strong> \u201cEducar es ense\u00f1ar a vivir y si el ideal de la vida humana es Cristo,<\/strong> <strong>la educaci\u00f3n debe tener por fin la imitaci\u00f3n de Cristo\u201d.<\/strong><br \/>\nC\u00f3rdoba.<strong> En el a\u00f1o 1944 es consagrado obispo de Orense<\/strong>. En esta misma ciudad <strong>conoce<\/strong> a la escolapia <strong>Madre Soledad de la Cruz,<\/strong> y anim\u00e1ndose <strong>en el mismo ideal fundan la Congregaci\u00f3n de Misioneras del Divino Maestro<\/strong>, que abre su primera casa en Baza (Granada) el 10 de marzo de 1945.<br \/>\nBlanco N\u00e1jera es un hombre con una clara visi\u00f3n de sus deberes de Padre y Pastor.<br \/>\nComo obispo, su actuaci\u00f3n pastoral la centra en Orense: contactos con el pueblo, visitas pastorales, ejercicios espirituales, atenci\u00f3n al seminario, a los sacerdotes&#8230; su palabra y sus escritos abarcan distintos frentes: la mujer, el obrero, el maestro, el ni\u00f1o&#8230;<br \/>\nSu <strong>preocupaci\u00f3n constante por los pobres y su idea fija de formar hombres al estilo de Jes\u00fas\u00a0Divino Maestro<\/strong>, que a lo largo de su vida tiene diversas manifestaciones, <strong>culmina en la fundaci\u00f3n de una Congregaci\u00f3n Religiosa dedicada a la ense\u00f1anza. <\/strong>Esta es la gran ilusi\u00f3n de su vida. Las clases populares estar\u00e1n debidamente atendidas en el campo educativo, porque la gran originalidad del Obispo-Fundador ha sido encajar su obra en los organismos oficiales del Estado.<br \/>\nY <strong>al lado de las Misioneras del Divino Maestro, la Asociaci\u00f3n de Cooperadores Seglares<\/strong>, participando de un mismo origen, una misma espiritualidad y una misma actividad apost\u00f3lica.<\/p>\n<h3><strong><span style=\"text-decoration: underline\"><span style=\"color: #993300\">Un Hombre para los Hombres de Hoy<\/span><\/span><\/strong><\/h3>\n<h4 style=\"text-align: center\"><span style=\"color: #993300\"><strong><span style=\"color: #993300\">\u201cMi vida entera, si no es para tu mayor honra y gloria y para la santificaci\u00f3n de mis hermanos \u00bfpara qu\u00e9 la quiero?\u201d.<\/span><\/strong><\/span><\/h4>\n<p style=\"text-align: justify\">Francisco Blanco N\u00e1jera, es hijo de familia pobre, el seminarista pobre, el sacerdote ilusionado y entregado, el Obispo y Fundador que bas\u00f3 todo su apostolado en el amor, vive hoy en el recuerdo y el coraz\u00f3n de la sociedad y de la Iglesia, como un hombre para los hombres de hoy.<br \/>\nInfinidad de escritos, gestos, hechos&#8230; todo un talante, <strong>toda una vida de entrega..<\/strong>. Fue un <strong>regalo maravilloso de Dios al Mundo que hoy sigue vivo en el esp\u00edritu de una Familia Religiosa, que al estilo de su Fundador basa su acci\u00f3n educativa en la sencillez de la entrega a los ni\u00f1os y j\u00f3venes. <\/strong>Y pretende <strong>llevar \u201cel fuego y el amor del Divino Maestro a la mente y al coraz\u00f3n de los hombres\u201d.<\/strong><br \/>\nFrancisco, un hombre fiel a Dios y sensible a las necesidades de su tiempo, se nos presenta como modelo. Y al profundizar en su misterio personal podemos hacernos muchas preguntas. Pero hoy ser\u00e1 suficiente nuestra acci\u00f3n de gracias por su vida fecunda, por su encendido amor a Jesucristo y a los pobres.<\/p>\n","protected":false},"excerpt":{"rendered":"<p>La Familia \u201cSoy de familia pobre&#8230; pude ver las manos encallecidas de mi madre&#8230; conozco la pobreza&#8230; porque he vivido muchos a\u00f1os abrazado a ella\u201d. La casa en que naci\u00f3 Francisco est\u00e1 situada en un barrio del Logro\u00f1o antiguo. All\u00ed viv\u00eda el matrimonio formado por Eduardo y Patricia: un hombre y una mujer venidos del &hellip; <\/p>\n<p><a class=\"more-link btn\" href=\"https:\/\/www.divinomaestro.com\/?page_id=81\">Seguir leyendo<\/a><\/p>\n","protected":false},"author":1,"featured_media":0,"parent":5,"menu_order":1,"comment_status":"closed","ping_status":"closed","template":"","meta":{"footnotes":""},"class_list":["post-81","page","type-page","status-publish","hentry","nodate","item-wrap"],"_links":{"self":[{"href":"https:\/\/www.divinomaestro.com\/index.php?rest_route=\/wp\/v2\/pages\/81","targetHints":{"allow":["GET"]}}],"collection":[{"href":"https:\/\/www.divinomaestro.com\/index.php?rest_route=\/wp\/v2\/pages"}],"about":[{"href":"https:\/\/www.divinomaestro.com\/index.php?rest_route=\/wp\/v2\/types\/page"}],"author":[{"embeddable":true,"href":"https:\/\/www.divinomaestro.com\/index.php?rest_route=\/wp\/v2\/users\/1"}],"replies":[{"embeddable":true,"href":"https:\/\/www.divinomaestro.com\/index.php?rest_route=%2Fwp%2Fv2%2Fcomments&post=81"}],"version-history":[{"count":7,"href":"https:\/\/www.divinomaestro.com\/index.php?rest_route=\/wp\/v2\/pages\/81\/revisions"}],"predecessor-version":[{"id":6653,"href":"https:\/\/www.divinomaestro.com\/index.php?rest_route=\/wp\/v2\/pages\/81\/revisions\/6653"}],"up":[{"embeddable":true,"href":"https:\/\/www.divinomaestro.com\/index.php?rest_route=\/wp\/v2\/pages\/5"}],"wp:attachment":[{"href":"https:\/\/www.divinomaestro.com\/index.php?rest_route=%2Fwp%2Fv2%2Fmedia&parent=81"}],"curies":[{"name":"wp","href":"https:\/\/api.w.org\/{rel}","templated":true}]}}