{"id":59,"date":"2010-08-07T19:51:33","date_gmt":"2010-08-07T18:51:33","guid":{"rendered":"http:\/\/divinomaestro.com\/?page_id=59"},"modified":"2021-07-03T18:57:12","modified_gmt":"2021-07-03T17:57:12","slug":"soledad-rodriguez-perez","status":"publish","type":"page","link":"https:\/\/www.divinomaestro.com\/?page_id=59","title":{"rendered":"Soledad Rodr\u00edguez P\u00e9rez"},"content":{"rendered":"<h2 style=\"text-align: center\"><div class=\"su-youtube su-u-responsive-media-yes\"><iframe loading=\"lazy\" width=\"600\" height=\"400\" src=\"https:\/\/www.youtube.com\/embed\/6TmqgFLsocc?autoplay=1\" frameborder=\"0\" allowfullscreen allow=\"autoplay; encrypted-media; picture-in-picture\" title=\"Madre Soledad de la Cruz - Fundadora\"><\/iframe><\/div><\/h2>\n<p style=\"text-align: center\">\n<p style=\"text-align: center\">\n<h3 style=\"text-align: center\"><\/h3>\n<h3><strong><span style=\"color: #800000\">Datos Biogr\u00e1ficos<\/span><\/strong><\/h3>\n<p>Soledad Rodr\u00edguez P\u00e9rez, <strong>nace en Zamora el d\u00eda 1 de febrero de 1904<\/strong>. Es la novena de diez hermanos,\u00a0en el hogar de Manuel y Paula. Es feliz, en su familia la llamar\u00e1n \u201cSolita\u201d. Es feliz con sus padres y sus hermanos, aunque D. Manuel tiene que pasar largas temporadas fuera de casa. Es destinado a Sevilla, con el cargo de Jefe de Tel\u00e9grafos.<\/p>\n<p style=\"text-align: justify\">Tiene Solita 5 a\u00f1os cuando recibe el primer golpe de dolor.\u00a0Muere su padre. <strong>Paula y sus hermanos abandonan Zamora y se van a Madrid<\/strong>, ciudad amplia, cosmopolita, diferente y se instalan en la calle Torrijos N.\u00ba 20, un entresuelo. Baja la econom\u00eda, se nota mucho la falta de padre. Hay que buscar nuevas soluciones. Y la ni\u00f1a va interna al Colegio de las Hu\u00e9rfanas de la Beata Mar\u00eda Ana de Jes\u00fas. En este Colegio recibe la Primera Comuni\u00f3n el d\u00eda de la Inmaculada en el a\u00f1o 1914.<\/p>\n<h3><strong><span style=\"text-decoration: underline\"><span style=\"color: #800000\">Rasgos de su persona<\/span><\/span><\/strong><\/h3>\n<p>La ni\u00f1a, la adolescente y la joven con la que nos encontramos en estos primeros decenios del siglo es amplia y sencilla como la tierra que la vio nacer. Posee una educaci\u00f3n no rebuscada pero exquisita. Un car\u00e1cter sensible y delicado. Es afable, obediente, piadosa, sincera. Y cuando estudia, estudia bien.<\/p>\n<p style=\"text-align: justify\">Sab\u00eda escuchar, captaba las ideas de las cosas y sobre todo lo que hab\u00eda dentro de cada persona, y <strong>al acercarse a ella todos sent\u00edan y ten\u00edan la seguridad de saberse acogido y comprendido<\/strong>. <strong>\u00a1Ten\u00eda mucho don de gentes!<\/strong> Sonrisa habitual, serenidad, cari\u00f1o expresado de m\u00faltiples maneras<strong>&#8230;\u00a0Toda su persona era expresi\u00f3n de gran delicadeza y paz,<\/strong> de una enorme grandeza de coraz\u00f3n. \u00a1La quer\u00eda el colegio entero! La quer\u00edan las familias y las ni\u00f1as. Sobre todo la quer\u00edan \u00edntimamente sus hermanas. <strong>Y es que\u00a0Madre Soledad es un \u201csol\u201d.<\/strong><\/p>\n<h3><strong><span style=\"text-decoration: underline\"><span style=\"color: #800000\">Vocaci\u00f3n<\/span><\/span><\/strong><\/h3>\n<p style=\"text-align: justify\"><strong>Es una joven feliz<\/strong> en una familia que tiene que luchar por la subsistencia diaria. Ya han pasado los a\u00f1os de las \u201cvacas gordas\u201d. Todos la quieren, pero su coraz\u00f3n inquieto no se acomoda. \u00bfQu\u00e9 hacer?<\/p>\n<p style=\"text-align: justify\"><strong>Ingresa en las RR. Escolapias a los 16 a\u00f1os<\/strong>. Ya novicia, tom\u00f3 h\u00e1bito el 12-09-22. Sale del convento por motivos de enfermedad. Regresa, restablecida, haciendo el 12-09-26 su Profesi\u00f3n Temporal y 3 a\u00f1os m\u00e1s tarde, su consagraci\u00f3n definitiva a Dios en la Sierra de C\u00f3rdoba.<\/p>\n<p style=\"text-align: justify\">Su misi\u00f3n estaba por aquel entonces en el Colegio de Santa Victoria, C\u00f3rdoba. En la clase de p\u00e1rvulas o con ni\u00f1as mayores, todos los que la trataban la quer\u00edan de verdad y todos coincid\u00edan en lo mismo: <strong>\u201cda gusto estar con Madre Soledad\u201d.<\/strong><\/p>\n<p style=\"text-align: justify\">Sus clases eran una delicia, era creativa.<strong> Buscaba y pon\u00eda a disposici\u00f3n de las alumnas nuevos m\u00e9todos y recursos pedag\u00f3gicos<\/strong> que influ\u00edan positivamente en su desarrollo integral, Sus puertas est\u00e1n abiertas porque ella vislumbra, que entre todos es m\u00e1s f\u00e1cil la labor educativa.\u00a0<strong>Era una enamorada de su vocaci\u00f3n y profesi\u00f3n.<\/strong><\/p>\n<h3><strong><span style=\"text-decoration: underline\"><span style=\"color: #800000\">Fundadora<\/span><\/span><\/strong><\/h3>\n<p style=\"text-align: justify\"><strong>Se dirige espiritualmente<\/strong> con el Se\u00f1or De\u00e1n de la S.I.C. de C\u00f3rdoba, <strong>Don Francisco Blanco N\u00e1jera,<\/strong> coincidiendo ambos en la idea de fundar una Congregaci\u00f3n de Religiosas educadoras, dedicadas exclusivamente a los pobres.<\/p>\n<p style=\"text-align: justify\">En la Nochebuena de\u00a0<strong>1941, M. Soledad\u00a0presenta su proyecto de fundaci\u00f3n a Don Francisco<\/strong>. El 12-11-44, el Dr. Blanco N\u00e1jera\u00a0es Consagrado Obispo para la Di\u00f3cesis de Orense. Circunstancias imprevistas, pero providenciales, adelantan el comienzo de la nueva Obra.\u00a0<strong>El 07-12-44, en la Vigilia de la Inmaculada<\/strong>,\u00a0salen de las RR. Escolapias\u00a0<strong>M. Soledad y M. In\u00e9s,<\/strong> <strong>dando as\u00ed comienzo a la Congregaci\u00f3n de Misioneras de Divino Maestro.<\/strong><\/p>\n<h3><strong><span style=\"text-decoration: underline\"><span style=\"color: #800000\">Misi\u00f3n<\/span><\/span><\/strong><\/h3>\n<p>El <strong>10-03-45<\/strong>, M. Soledad, M In\u00e9s y M. Amalia abren en <strong>Baza (Granada) la primera Casa<\/strong> con el apoyo y acogida de Mons. \u00c1lvarez Lara, Obispo de Guadix.<\/p>\n<p style=\"text-align: justify\">Pronto se re\u00fanen con la primeras Misioneras, un gran n\u00famero de j\u00f3venes que desean seguir sus pasos. <strong>Tienen urgencia por hacer realidad el Mandato de Jes\u00fas Maestro \u201cId y ense\u00f1ad\u201d,<\/strong> sienten, el fuego de su Palabra\u00a0<strong>\u201cLos pobres son evangelizados\u201d.<\/strong> Porque su af\u00e1n es dar a conocer a Jesucristo en los ambientes m\u00e1s pobres, siendo otros Cristos, desde el\u00a0<strong>\u201cAprended de mi\u201d.<\/strong><\/p>\n<p style=\"text-align: justify\"><strong>La Primera Profesi\u00f3n Perpetua tiene lugar en Orense el 11-02-48<\/strong>, presidida por D. Francisco Blanco N\u00e1jera. La pronta y santa muerte de \u00e9ste, el 15-01-52, pone a prueba el temple de fe de M. Soledad y el 25-05-52, la vemos partir para Venezuela con la primera expedici\u00f3n de Misioneras del Divino Maestro. <strong>Su celo misionero la impulsa a\u00a0establecer varios puestos de Misi\u00f3n en el Congo (1958). Tambi\u00e9n abre una Casa en\u00a0Francia y otra en Alemania<\/strong>.\u00a0<strong>En 1962 funda\u00a0Bucaramanga (Colombia). <\/strong>Su salud, siempre precaria, quiebra definitivamente, a poco de su reelecci\u00f3n como Superiora General el 15-01-65, y <strong>despu\u00e9s de largos meses de sufrimiento paciente<\/strong>,\u00a0el Se\u00f1or la llama <strong>el 28-10-65<\/strong>. Sus restos descansan en la Casa Noviciado de Orense, que ella hab\u00eda inaugurado el 15-08-64, y donde, desde el 11-02-64, descansan tambi\u00e9n los restos del Padre Fundador.<\/p>\n","protected":false},"excerpt":{"rendered":"<p>Datos Biogr\u00e1ficos Soledad Rodr\u00edguez P\u00e9rez, nace en Zamora el d\u00eda 1 de febrero de 1904. Es la novena de diez hermanos,\u00a0en el hogar de Manuel y Paula. Es feliz, en su familia la llamar\u00e1n \u201cSolita\u201d. Es feliz con sus padres y sus hermanos, aunque D. Manuel tiene que pasar largas temporadas fuera de casa. Es &hellip; <\/p>\n<p><a class=\"more-link btn\" href=\"https:\/\/www.divinomaestro.com\/?page_id=59\">Seguir leyendo<\/a><\/p>\n","protected":false},"author":1,"featured_media":0,"parent":5,"menu_order":0,"comment_status":"closed","ping_status":"closed","template":"","meta":{"footnotes":""},"class_list":["post-59","page","type-page","status-publish","hentry","nodate","item-wrap"],"_links":{"self":[{"href":"https:\/\/www.divinomaestro.com\/index.php?rest_route=\/wp\/v2\/pages\/59","targetHints":{"allow":["GET"]}}],"collection":[{"href":"https:\/\/www.divinomaestro.com\/index.php?rest_route=\/wp\/v2\/pages"}],"about":[{"href":"https:\/\/www.divinomaestro.com\/index.php?rest_route=\/wp\/v2\/types\/page"}],"author":[{"embeddable":true,"href":"https:\/\/www.divinomaestro.com\/index.php?rest_route=\/wp\/v2\/users\/1"}],"replies":[{"embeddable":true,"href":"https:\/\/www.divinomaestro.com\/index.php?rest_route=%2Fwp%2Fv2%2Fcomments&post=59"}],"version-history":[{"count":24,"href":"https:\/\/www.divinomaestro.com\/index.php?rest_route=\/wp\/v2\/pages\/59\/revisions"}],"predecessor-version":[{"id":6651,"href":"https:\/\/www.divinomaestro.com\/index.php?rest_route=\/wp\/v2\/pages\/59\/revisions\/6651"}],"up":[{"embeddable":true,"href":"https:\/\/www.divinomaestro.com\/index.php?rest_route=\/wp\/v2\/pages\/5"}],"wp:attachment":[{"href":"https:\/\/www.divinomaestro.com\/index.php?rest_route=%2Fwp%2Fv2%2Fmedia&parent=59"}],"curies":[{"name":"wp","href":"https:\/\/api.w.org\/{rel}","templated":true}]}}